h(g) = -13*g. Calculate the remainder when h(l) is divided by 20.
19
Let h = -12 - -15. What is the remainder when 7 is divided by h?
1
Suppose -9*s - 144 = -21*s. What is the remainder when 34 is divided by s?
10
Suppose -8*c + 13*c - 15 = 0. Calculate the remainder when (-1)/(2 + 46/(-22)) is divided by c.
2
Let j(l) be the third derivative of -5*l**4/12 - 2*l**3/3 + 3*l**2. What is the remainder when 62 is divided by j(-2)?
14
Let w = 103 + -90. Calculate the remainder when 88 is divided by w.
10
Let z = -6 + 10. Suppose 0 = -z*w + 15 + 45. Suppose 2*p - 32 = -2*p. What is the remainder when w is divided by p?
7
Let c = -1 + 2. Let r = c + 2. Let s(n) = n**2 + 1. What is the remainder when s(3) is divided by r?
1
Let l be 1/1 - (1 - 22). Let x be (l/(-2)*2)/(-1). Suppose 4*k - 14 = x. What is the remainder when k is divided by 5?
4
Suppose -115 = -4*z - 39. Calculate the remainder when 35 is divided by z.
16
Let g(r) = -r**2 + 2*r + 3. Calculate the remainder when 11 is divided by g(0).
2
Suppose -2*b + 8 = -10. Calculate the remainder when 42 is divided by b.
6
Let x = -41 - -64. Calculate the remainder when x is divided by 6.
5
Let a(u) = -16*u + 79. What is the remainder when 1*(3 + -2) + 55 is divided by a(4)?
11
Let x(h) = 2*h + 21. What is the remainder when 39 is divided by x(0)?
18
Suppose -24 - 12 = -2*x. Suppose r = x + 1. Suppose 4*p - 28 = -0*p. Calculate the remainder when r is divided by p.
5
Suppose -5*w + 44 = 3*c, 9*w - 60 = -5*c + 4*w. Let f = c + 5. What is the remainder when 25 is divided by f?
12
Suppose 2*s = -5*k + 4*s + 43, 25 = 3*k - s. Suppose -3 = -q + k. Calculate the remainder when 29 is divided by q.
9
Let a = -223 + 340. Calculate the remainder when a is divided by 12.
9
Suppose 0 = -4*n + 6*n - 26. Let c = 29 + -21. Calculate the remainder when n is divided by c.
5
Suppose 4*w + 2*i + 22 = 0, 4*w + 2 = 4*i - 2. Let n = 0 - w. Suppose 0*r = -r + 7. What is the remainder when r is divided by n?
3
What is the remainder when 69 is divided by 652/18 - 2/9?
33
Let u(m) = -m**3 + 16*m**2 - 54*m + 4. Calculate the remainder when 42 is divided by u(11).
12
Suppose 0 = -5*o + 20, 4*o = g + 2*g + 4. Suppose g*c = -5*a + 215, -c - a + 65 = 4*a. Calculate the remainder when c is divided by 13.
11
Suppose -2*z + 0*z + 10 = 0. Let u = z + -3. What is the remainder when 6/2 - u - -16 is divided by 9?
8
Suppose 5*r + 4*z - 58 = 3*z, z + 8 = r. What is the remainder when 43 is divided by r?
10
Suppose 2*o + 6 = h - 5, -4*o + 13 = 3*h. Calculate the remainder when 40 is divided by h.
5
What is the remainder when 28 is divided by 3/((-1)/(-1)) + 7?
8
Let p(f) = 4*f - f + 2*f**3 + 4 + 0. Let b = -29 - -52. What is the remainder when p(3) is divided by b?
21
Let q be 70/2 - (7 + -3). Let x be (-25)/3 + (-2)/3. Let v = x + q. What is the remainder when v is divided by 6?
4
Let v(t) = -t**3 - 5*t - 1. What is the remainder when 33 is divided by v(-2)?
16
Let w be -1*(-2 - 1)*-1. Calculate the remainder when ((40 + 2)/w)/(-2) is divided by 4.
3
Calculate the remainder when 136 is divided by 1860/80 - (-2)/(-8).
21
Let h = 147 + -108. What is the remainder when h is divided by 22?
17
Let k be (1/1)/((-1)/(-57)). Suppose 3*l - k = 18. Calculate the remainder when l is divided by 9.
7
Let c(q) = -q**3 + 8*q**2 - 4*q - 5. Suppose -3*a = -z - 2 + 12, 2*a = -4*z - 2. What is the remainder when c(5) is divided by (-17 - 0)/(0 - z)?
16
Suppose w = 2*z - 6, -6*z = -3*z - 15. What is the remainder when w is divided by 3?
1
Let w(h) = 2*h**2 + 3*h - 2. Let a be ((-6)/(-12))/(2/8). Calculate the remainder when 34 is divided by w(a).
10
Suppose -5*a - 19 = 2*j, j - 3 = 4*a + 20. Let n be (1 - 6/3)*a. Let x(m) = -m**3 + 4*m**2 + 5*m + 2. Calculate the remainder when 5 is divided by x(n).
1
Suppose q - l - 18 = 0, 6*q - 90 = q - 2*l. Let k = q - 4. Calculate the remainder when k is divided by 5.
4
Suppose -t = 3*t + 188. Let m = t + 32. Calculate the remainder when 15 is divided by 8*(-3)/m*5.
7
Let j(y) = -y**2 + 12*y + 7. Calculate the remainder when j(9) is divided by 6.
4
Suppose -4*p + 18 = 2. Calculate the remainder when -1*12/p + 27 is divided by 14.
10
Let f = 3 - 1. Suppose -s - 4*g = -22, s - g - 19 + f = 0. What is the remainder when s is divided by 10?
8
Suppose -199 - 173 = -4*h. What is the remainder when h is divided by 24?
21
Suppose -36 = -2*h + 3*d, 4*d - 6 = d. Let x = h - 1. What is the remainder when 39 is divided by x?
19
Let m(d) = 2*d + 4. What is the remainder when 27 is divided by m(3)?
7
Suppose -b + 32 + 5 = 4*s, 0 = s - 3. Suppose 11*u - 215 + 61 = 0. Calculate the remainder when b is divided by u.
11
Suppose 2*k = 3*b + 105, 3*k - 4*k + 3*b + 57 = 0. Calculate the remainder when k is divided by 26/(-65) - (-174)/10.
14
Let c(n) = n**3 - 5*n**2 + 3*n + 1. Let l be c(4). Let j(a) = 2*a**2 + 2*a + 1. What is the remainder when 38 is divided by j(l)?
12
Calculate the remainder when 32 is divided by (3 + -5)/(4/(-34)).
15
Suppose 0 = -3*y + 11 + 1, 3*w - 19 = 2*y. What is the remainder when 23 is divided by w?
5
Suppose 5*h - 131 = -3*z, z + 8*h = 3*h + 37. Let m = -118 - -134. Calculate the remainder when z is divided by m.
15
Let d(h) = 4*h**3 + 4*h**2 - 7*h - 3*h**3 + h**2 + 8. Calculate the remainder when 26 is divided by d(-6).
12
Suppose 0 = w - 6 - 6. Calculate the remainder when 9/((-9)/(-2)) + 32 is divided by w.
10
Suppose -3*l + p + 82 = 0, 2*l + p = 70 - 7. What is the remainder when 56 is divided by l?
27
Let t = 78 - 31. What is the remainder when t is divided by 12?
11
Suppose 3*d - n - 17 = 0, 4*d - 2*n + 0*n - 26 = 0. Suppose -4*s - 10 = 6, 3*i = d*s + 25. Calculate the remainder when 7 is divided by i.
1
Suppose 9*h - 150 = 4*h. What is the remainder when h is divided by 11?
8
Suppose -h + 49 = 3*c - 6*c, -4*h + 111 = 5*c. What is the remainder when h is divided by 7?
6
Let o be -2 - (-8)/4*1. Suppose -7*d + 4*d + 12 = o. Calculate the remainder when 14 is divided by d.
2
Let p = -37 - -70. What is the remainder when p is divided by (-2)/(-3 + (-25)/(-9))?
6
Let z = -19 + 25. Calculate the remainder when 30 is divided by z.
0
Suppose -5*u - 20 - 16 = -2*k, 40 = 2*k - 3*u. Suppose -4*q + 5*r = -27, -5*q + 4*r = -16 - 29. What is the remainder when k is divided by q?
10
Let c = 94 - 32. Suppose -74 = -4*q + c. Let n = -16 - -28. What is the remainder when q is divided by n?
10
Let c = -19 + 37. Calculate the remainder when c is divided by 12.
6
Suppose -53 + 8 = d. What is the remainder when (-4)/5*d/2 is divided by 10?
8
Suppose -14 = 3*j - 5*j. Let p be ((-16)/6)/((-2)/3). Let f = 7 - p. Calculate the remainder when j is divided by f.
1
Suppose -8*q + 3*q = -4*l + 25, -19 = -3*l + 4*q. Suppose -41 - 64 = -l*s. What is the remainder when s is divided by 11?
10
Let i = -318 + 493. What is the remainder when i is divided by 22?
21
Suppose 1954 - 224 = 10*l. Calculate the remainder when l is divided by 44.
41
Let o(j) = -j**3 - j**2 - 3*j - 1. Suppose -10*w + 6*w + 68 = 0. Calculate the remainder when w is divided by o(-2).
8
Let u(k) = k**2 + 6*k + 3. Let t be u(-6). What is the remainder when 12 is divided by -3 + (6/t - -8)?
5
Let f be -4*(2 + 62/(-8)). Suppose -3*g = -2*a - 24 - f, 0 = -g + 4*a + 9. What is the remainder when g is divided by 10?
7
Suppose 5*j + 3*n - 5*n - 39 = 0, -2*j + 5*n + 24 = 0. Let a = 7 + j. Calculate the remainder when a is divided by 8.
6
Suppose 0 = -3*x + j + j + 146, -4*x + 3*j + 193 = 0. Suppose 0 = -4*l + 16 + x. Calculate the remainder when 65 is divided by l.
14
Suppose 4*g + 2*s = g + 8, 5*s - 11 = -3*g. Suppose -3*u + 155 = g*u. What is the remainder when 20 is divided by 2/3 + u/3?
9
Suppose -5 = 3*a - 2*z + 8, 0 = -2*a - 3*z - 13. Let x(n) = -5*n - 4. Let k be x(a). Let g = k - 12. Calculate the remainder when 25 is divided by g.
7
Let h be 1*(2 + 0) + -12. Let n = h + -2. Calculate the remainder when 5 is divided by 4/n + 10/3.
2
Let z(q) = 5*q + 4. Let n be z(5). Suppose -v = 5*g - n, 0 = -3*v + 2*v - 3*g + 23. What is the remainder when v is divided by 8?
6
Let x(m) = -3*m + 6. Let f(w) = w**2 + 6*w - 1. Suppose q = 6*q + 35. What is the remainder when x(-5) is divided by f(q)?
3
Let h be 2/(-3) + (-29)/(-3). Suppose 3*w = -2*b - 0 + 11, -3*b = 3*w - h. What is